71
What are the prime factors of 1006110?
2, 3, 5, 7, 1597
List the prime factors of 1170567.
3, 113, 1151
What are the prime factors of 50257?
29, 1733
What are the prime factors of 3021874?
2, 19, 281, 283
List the prime factors of 18656039.
47, 396937
What are the prime factors of 19119532?
2, 23, 207821
What are the prime factors of 9099713?
7, 151, 8609
List the prime factors of 342966.
2, 3, 13, 4397
What are the prime factors of 358292?
2, 11, 17, 479
What are the prime factors of 148366?
2, 31, 2393
What are the prime factors of 19792163?
19792163
What are the prime factors of 1651154?
2, 825577
What are the prime factors of 9406965?
3, 5, 627131
List the prime factors of 151761.
3, 50587
List the prime factors of 491618.
2, 409, 601
List the prime factors of 89449.
89449
What are the prime factors of 822297?
3, 7, 39157
List the prime factors of 834208.
2, 131, 199
List the prime factors of 562861.
13, 29, 1493
List the prime factors of 693355.
5, 13, 10667
List the prime factors of 8879578.
2, 31, 197, 727
What are the prime factors of 23638341?
3, 7879447
List the prime factors of 296918.
2, 31, 4789
List the prime factors of 502860.
2, 3, 5, 17, 29
List the prime factors of 179318.
2, 89659
List the prime factors of 3673591.
3673591
List the prime factors of 1469458.
2, 734729
What are the prime factors of 510197?
29, 73, 241
List the prime factors of 4224464.
2, 264029
What are the prime factors of 121875?
3, 5, 13
What are the prime factors of 49239?
3, 5471
What are the prime factors of 10407544?
2, 7, 185849
What are the prime factors of 5530453?
557, 9929
What are the prime factors of 316431?
3, 35159
What are the prime factors of 77792?
2, 11, 13, 17
What are the prime factors of 235759?
281, 839
What are the prime factors of 4815069?
3, 7, 37, 6197
What are the prime factors of 8941091?
8941091
List the prime factors of 9706227.
3, 3235409
What are the prime factors of 1765469?
1765469
List the prime factors of 11920189.
29, 411041
What are the prime factors of 248905?
5, 67, 743
List the prime factors of 914240.
2, 5, 2857
What are the prime factors of 1500276?
2, 3, 31, 37, 109
What are the prime factors of 1505890?
2, 5, 150589
List the prime factors of 1623099.
3, 151, 3583
What are the prime factors of 1378233?
3, 153137
What are the prime factors of 511537?
13, 19, 109
What are the prime factors of 13696064?
2, 173, 1237
What are the prime factors of 73209?
3, 23, 1061
List the prime factors of 429345.
3, 5, 7, 29, 47
What are the prime factors of 11882924?
2, 29, 89, 1151
List the prime factors of 46224.
2, 3, 107
List the prime factors of 94488.
2, 3, 31, 127
What are the prime factors of 1696362?
2, 3, 17, 16631
List the prime factors of 5061207.
3, 107, 15767
List the prime factors of 1116024.
2, 3, 7, 13, 73
What are the prime factors of 759334?
2, 379667
What are the prime factors of 493400?
2, 5, 2467
List the prime factors of 514650.
2, 3, 5, 47, 73
List the prime factors of 171174.
2, 3, 47, 607
What are the prime factors of 29001?
3, 7, 1381
What are the prime factors of 3013330?
2, 5, 301333
List the prime factors of 469936.
2, 23, 1277
List the prime factors of 64079.
139, 461
What are the prime factors of 8487?
3, 23, 41
List the prime factors of 1318355.
5, 41, 59, 109
What are the prime factors of 182985?
3, 5, 11, 1109
What are the prime factors of 6861154?
2, 47, 1553
What are the prime factors of 23255561?
7, 43, 77261
What are the prime factors of 5526651?
3, 13, 141709
What are the prime factors of 3095941?
3095941
What are the prime factors of 1760922?
2, 3, 97829
What are the prime factors of 3392258?
2, 41, 1009
What are the prime factors of 1351928?
2, 168991
List the prime factors of 919401.
3, 7, 43781
List the prime factors of 209247.
3, 19, 3671
What are the prime factors of 23757?
3, 7919
What are the prime factors of 825131?
825131
List the prime factors of 841873.
841873
List the prime factors of 12595324.
2, 7, 449833
What are the prime factors of 24733?
24733
List the prime factors of 108578.
2, 233
List the prime factors of 425204.
2, 13, 17, 37
What are the prime factors of 352312?
2, 47, 937
What are the prime factors of 748339?
748339
What are the prime factors of 1510143?
3, 503381
List the prime factors of 6602769.
3, 244547
List the prime factors of 522286.
2, 113, 2311
List the prime factors of 721654.
2, 360827
List the prime factors of 797744.
2, 73, 683
What are the prime factors of 1380393?
3, 7, 21911
What are the prime factors of 2869995?
3, 5, 73, 2621
What are the prime factors of 346678?
2, 97, 1787
What are the prime factors of 683360?
2, 5, 4271
List the prime factors of 18996746.
2, 563, 16871
What are the prime factors of 1214600?
2, 5, 6073
List the prime factors of 17235474.
2, 3, 2872579
List the prime factors of 728002.
2, 11, 33091
List the prime factors of 963009.
3, 1321
List the prime factors of 2005215.
3, 5, 37, 3613
List the prime factors of 1562461.
443, 3527
What are the prime factors of 21746715?
3, 5, 211, 6871
What are the prime factors of 1342325?
5, 53693
List the prime factors of 1068328.
2, 133541
List the prime factors of 81025.
5, 7, 463
What are the prime factors of 3353072?
2, 209567
What are the prime factors of 255455?
5, 19, 2689
What are the prime factors of 94256?
2, 43, 137
What are the prime factors of 420410?
2, 5, 17, 2473
List the prime factors of 9389028.
2, 3, 11, 71129
List the prime factors of 8677851.
3, 7, 13, 19, 239
List the prime factors of 372793.
17, 21929
What are the prime factors of 3189?
3, 1063
What are the prime factors of 574173?
3, 131, 487
List the prime factors of 165237.
3, 55079
What are the prime factors of 6872207?
6872207
List the prime factors of 6003654.
2, 3, 1000609
List the prime factors of 4016733.
3, 7, 19, 10067
What are the prime factors of 1176109?
11, 31, 3449
What are the prime factors of 32550870?
2, 3, 5, 11, 98639
List the prime factors of 4152669.
3, 577, 2399
List the prime factors of 7019.
7019
List the prime factors of 15956654.
2, 7, 162823
List the prime factors of 2265521.
2265521
List the prime factors of 172740.
2, 3, 5, 2879
What are the prime factors of 3913402?
2, 881, 2221
List the prime factors of 3381509.
47, 71947
What are the prime factors of 3799586?
2, 7, 127, 2137
What are the prime factors of 1275950?
2, 5, 13, 151
What are the prime factors of 812447?
17, 47791
What are the prime factors of 8483157?
3, 379, 829
List the prime factors of 1186638.
2, 3, 197773
What are the prime factors of 3612583?
13, 277891
List the prime factors of 413925.
3, 5, 5519
List the prime factors of 1748109.
3, 11, 52973
What are the prime factors of 460491?
3, 29, 67, 79
What are the prime factors of 745795?
5, 149159
What are the prime factors of 1233363?
3, 53, 7757
What are the prime factors of 649186?
2, 324593
List the prime factors of 6664543.
6664543
What are the prime factors of 831175?
5, 33247
List the prime factors of 3737959.
3737959
What are the prime factors of 153952?
2, 17, 283
What are the prime factors of 232332?
2, 3, 19, 1019
What are the prime factors of 276595?
5, 11, 47, 107
List the prime factors of 876037.
53, 16529
What are the prime factors of 465099?
3, 229, 677
List the prime factors of 4816435.
5, 13, 74099
What are the prime factors of 558692?
2, 197, 709
What are the prime factors of 3541170?
2, 3, 5, 41, 2879
What are the prime factors of 5267089?
5267089
List the prime factors of 376947.
3, 23, 607
List the prime factors of 1404309.
3, 19, 71, 347
List the prime factors of 3429969.
3, 61, 18743
List the prime factors of 24316189.
24316189
List the prime factors of 399473.
399473
What are the prime factors of 375335?
5, 271, 277
List the prime factors of 74739.
3, 7, 3559
List the prime factors of 19008.
2, 3, 11
What are the prime factors of 23868?
2, 3, 13, 17
What are the prime factors of 517068?
2, 3, 53, 271
List the prime factors of 8904194.
2, 13, 342469
List the prime factors of 285453.
3, 7, 23, 197
What are the prime factors of 1602092?
2, 400523
What are the prime factors of 2609581?
13, 47, 4271
What are the prime factors of 338781?
3, 112927
List the prime factors of 764664.
2, 3, 151, 211
What are the prime factors of 398055?
3, 5, 7, 17, 22